{"id":465,"date":"2023-12-02T22:49:16","date_gmt":"2023-12-03T03:49:16","guid":{"rendered":"https:\/\/bogavisual.com\/proyectos\/MuseoTrajes\/sitio\/?page_id=465"},"modified":"2025-05-22T23:40:42","modified_gmt":"2025-05-23T04:40:42","slug":"agradecimientos","status":"publish","type":"page","link":"https:\/\/bogavisual.com\/proyectos\/MuseoTrajes\/sitio\/agradecimientos\/","title":{"rendered":"Agradecimientos"},"content":{"rendered":"\t\t<div data-elementor-type=\"wp-page\" data-elementor-id=\"465\" class=\"elementor elementor-465\">\n\t\t\t\t<div class=\"elementor-element elementor-element-2fde175 e-flex e-con-boxed e-con e-parent\" data-id=\"2fde175\" data-element_type=\"container\">\n\t\t\t\t\t<div class=\"e-con-inner\">\n\t\t\t\t<div class=\"elementor-element elementor-element-77f4768 elementor-widget elementor-widget-spacer\" data-id=\"77f4768\" data-element_type=\"widget\" data-widget_type=\"spacer.default\">\n\t\t\t\t<div class=\"elementor-widget-container\">\n\t\t\t\t\t\t\t<div class=\"elementor-spacer\">\n\t\t\t<div class=\"elementor-spacer-inner\"><\/div>\n\t\t<\/div>\n\t\t\t\t\t\t<\/div>\n\t\t\t\t<\/div>\n\t\t\t\t\t<\/div>\n\t\t\t\t<\/div>\n\t\t<div class=\"elementor-element elementor-element-8ccdd54 e-flex e-con-boxed e-con e-parent\" data-id=\"8ccdd54\" data-element_type=\"container\">\n\t\t\t\t\t<div class=\"e-con-inner\">\n\t\t<div class=\"elementor-element elementor-element-717e575 e-con-full e-flex e-con e-child\" data-id=\"717e575\" data-element_type=\"container\" data-settings=\"{&quot;background_background&quot;:&quot;classic&quot;}\">\n\t\t\t\t<div class=\"elementor-element elementor-element-c39a441 elementor-invisible elementor-widget elementor-widget-heading\" data-id=\"c39a441\" data-element_type=\"widget\" data-settings=\"{&quot;_animation&quot;:&quot;bounceInLeft&quot;}\" data-widget_type=\"heading.default\">\n\t\t\t\t<div class=\"elementor-widget-container\">\n\t\t\t\t\t<h2 class=\"elementor-heading-title elementor-size-default\">Agradeci-mientos<\/h2>\t\t\t\t<\/div>\n\t\t\t\t<\/div>\n\t\t\t\t<div class=\"elementor-element elementor-element-0bc3302 elementor-invisible elementor-widget elementor-widget-heading\" data-id=\"0bc3302\" data-element_type=\"widget\" data-settings=\"{&quot;_animation&quot;:&quot;bounceInLeft&quot;}\" data-widget_type=\"heading.default\">\n\t\t\t\t<div class=\"elementor-widget-container\">\n\t\t\t\t\t<h2 class=\"elementor-heading-title elementor-size-default\">a los colaboradores y patrocinadores del proyecto<\/h2>\t\t\t\t<\/div>\n\t\t\t\t<\/div>\n\t\t\t\t<\/div>\n\t\t<div class=\"elementor-element elementor-element-7feae97 e-con-full e-flex e-con e-child\" data-id=\"7feae97\" data-element_type=\"container\">\n\t\t\t\t<div class=\"elementor-element elementor-element-1789620 elementor-widget elementor-widget-spacer\" data-id=\"1789620\" data-element_type=\"widget\" data-widget_type=\"spacer.default\">\n\t\t\t\t<div class=\"elementor-widget-container\">\n\t\t\t\t\t\t\t<div class=\"elementor-spacer\">\n\t\t\t<div class=\"elementor-spacer-inner\"><\/div>\n\t\t<\/div>\n\t\t\t\t\t\t<\/div>\n\t\t\t\t<\/div>\n\t\t\t\t<div class=\"elementor-element elementor-element-9295cd0 elementor-invisible elementor-widget elementor-widget-text-editor\" data-id=\"9295cd0\" data-element_type=\"widget\" data-settings=\"{&quot;_animation&quot;:&quot;bounceInRight&quot;}\" data-widget_type=\"text-editor.default\">\n\t\t\t\t<div class=\"elementor-widget-container\">\n\t\t\t\t\t\t\t\t\t<ol class=\"listado_agradecimientos\"><li>Ministerio de Cultura: <strong>Programa nacional de est\u00edmulos<\/strong>.<\/li><li><strong>Museo de Trajes<\/strong> de la Universidad de Am\u00e9rica:<\/li><li>Estrategia museol\u00f3gica y desarrollo museogr\u00e1fico: <strong>Juli\u00e1n Roa Triana &#8211; Boga Visual<\/strong>.<\/li><li>Estrategia digital y desarrollo tecnol\u00f3gico: <strong>Juan Carlos Arroyo | Miguel Alfredo Gonz\u00e1lez &#8211; Boga Visual<\/strong>.<\/li><li>Dise\u00f1o gr\u00e1fico y web: <strong>Jenny Rojas y Miguel Alfredo Gonz\u00e1lez &#8211;<\/strong> <strong>Boga Visua<\/strong>l.<\/li><li>Dise\u00f1o de experiencia educativa y coordinaci\u00f3n: <strong>Mar\u00eda M\u00f3nica Fuentes Leal<\/strong>.<\/li><li>Producci\u00f3n: <strong>Pormil<\/strong> y <strong>Boga Visual<\/strong>.<\/li><li>Universidad Los Libertadores &#8211;\u00a0 <strong>Estudiantes de Pensamiento Hipermedia<\/strong>:<ul><li aria-level=\"1\">Lina Mar\u00eda Arenas Aguirre<\/li><li aria-level=\"1\">Nicolas David Castillo Rey<\/li><li aria-level=\"1\">Juan David Espitia Sicacha<\/li><li aria-level=\"1\">Mar\u00eda Paula Galindo Segura<\/li><li aria-level=\"1\">Daniel Stiven Herrera Cuestas<\/li><li aria-level=\"1\">Juan Camilo Lasso Cabrera<\/li><li aria-level=\"1\">Jonathan Camilo Pachon Navarro<\/li><li aria-level=\"1\">Juan Jose Ramirez Castro<\/li><li aria-level=\"1\">Yerly Katherine Ramirez Zaraza<\/li><li aria-level=\"1\">Daniel Felipe Reyes Ortiz<\/li><li aria-level=\"1\">Carlos Andres Rules Tobon<\/li><li aria-level=\"1\">Uriel Mauricio Rueda Burgos<\/li><li aria-level=\"1\">Juan Jos\u00e9 Ruiz Silva<\/li><li aria-level=\"1\">Yojhan David Salazar Gasca<\/li><\/ul><\/li><\/ol><ol start=\"10\"><li>Participantes <strong>laboratorios de cocreaci\u00f3n<\/strong>.<\/li><\/ol>\t\t\t\t\t\t\t\t<\/div>\n\t\t\t\t<\/div>\n\t\t\t\t<div class=\"elementor-element elementor-element-f6f2331 elementor-widget elementor-widget-spacer\" data-id=\"f6f2331\" data-element_type=\"widget\" data-widget_type=\"spacer.default\">\n\t\t\t\t<div class=\"elementor-widget-container\">\n\t\t\t\t\t\t\t<div class=\"elementor-spacer\">\n\t\t\t<div class=\"elementor-spacer-inner\"><\/div>\n\t\t<\/div>\n\t\t\t\t\t\t<\/div>\n\t\t\t\t<\/div>\n\t\t\t\t<\/div>\n\t\t\t\t\t<\/div>\n\t\t\t\t<\/div>\n\t\t<div class=\"elementor-element elementor-element-1f7f425 e-flex e-con-boxed e-con e-parent\" data-id=\"1f7f425\" data-element_type=\"container\">\n\t\t\t\t\t<div class=\"e-con-inner\">\n\t\t\t\t<div class=\"elementor-element elementor-element-2565ec0 elementor-widget elementor-widget-spacer\" data-id=\"2565ec0\" data-element_type=\"widget\" data-widget_type=\"spacer.default\">\n\t\t\t\t<div class=\"elementor-widget-container\">\n\t\t\t\t\t\t\t<div class=\"elementor-spacer\">\n\t\t\t<div class=\"elementor-spacer-inner\"><\/div>\n\t\t<\/div>\n\t\t\t\t\t\t<\/div>\n\t\t\t\t<\/div>\n\t\t\t\t\t<\/div>\n\t\t\t\t<\/div>\n\t\t<div class=\"elementor-element elementor-element-2554478f e-flex e-con-boxed e-con e-parent\" data-id=\"2554478f\" data-element_type=\"container\">\n\t\t\t\t\t<div class=\"e-con-inner\">\n\t\t<div class=\"elementor-element elementor-element-6bf30630 e-con-full e-flex e-con e-child\" data-id=\"6bf30630\" data-element_type=\"container\">\n\t\t\t\t<\/div>\n\t\t<div class=\"elementor-element elementor-element-4c3b58fb e-con-full e-flex e-con e-child\" data-id=\"4c3b58fb\" data-element_type=\"container\">\n\t\t\t\t<div class=\"elementor-element elementor-element-b3422ff elementor-invisible elementor-widget elementor-widget-image\" data-id=\"b3422ff\" data-element_type=\"widget\" data-settings=\"{&quot;_animation&quot;:&quot;pulse&quot;}\" data-widget_type=\"image.default\">\n\t\t\t\t<div class=\"elementor-widget-container\">\n\t\t\t\t\t\t\t\t\t\t\t\t\t\t\t<img decoding=\"async\" width=\"200\" height=\"79\" src=\"https:\/\/bogavisual.com\/proyectos\/MuseoTrajes\/sitio\/wp-content\/uploads\/2023\/11\/logoSitio01.png\" class=\"attachment-large size-large wp-image-39\" alt=\"\" \/>\t\t\t\t\t\t\t\t\t\t\t\t\t\t\t<\/div>\n\t\t\t\t<\/div>\n\t\t\t\t<\/div>\n\t\t<div class=\"elementor-element elementor-element-52aad64d e-con-full e-flex e-con e-child\" data-id=\"52aad64d\" data-element_type=\"container\">\n\t\t\t\t<\/div>\n\t\t\t\t\t<\/div>\n\t\t\t\t<\/div>\n\t\t<div class=\"elementor-element elementor-element-dc5435b e-flex e-con-boxed e-con e-parent\" data-id=\"dc5435b\" data-element_type=\"container\">\n\t\t\t\t\t<div class=\"e-con-inner\">\n\t\t<div class=\"elementor-element elementor-element-210f775e e-con-full e-flex e-con e-child\" data-id=\"210f775e\" data-element_type=\"container\">\n\t\t\t\t<div class=\"elementor-element elementor-element-7a34161e elementor-invisible elementor-widget elementor-widget-image\" data-id=\"7a34161e\" data-element_type=\"widget\" data-settings=\"{&quot;_animation&quot;:&quot;pulse&quot;}\" data-widget_type=\"image.default\">\n\t\t\t\t<div class=\"elementor-widget-container\">\n\t\t\t\t\t\t\t\t\t\t\t\t\t\t\t<img fetchpriority=\"high\" decoding=\"async\" width=\"600\" height=\"119\" src=\"https:\/\/bogavisual.com\/proyectos\/MuseoTrajes\/sitio\/wp-content\/uploads\/2023\/11\/logo_ministerio_completo.png\" class=\"attachment-large size-large wp-image-271\" alt=\"\" srcset=\"https:\/\/bogavisual.com\/proyectos\/MuseoTrajes\/sitio\/wp-content\/uploads\/2023\/11\/logo_ministerio_completo.png 600w, https:\/\/bogavisual.com\/proyectos\/MuseoTrajes\/sitio\/wp-content\/uploads\/2023\/11\/logo_ministerio_completo-300x60.png 300w\" sizes=\"(max-width: 600px) 100vw, 600px\" \/>\t\t\t\t\t\t\t\t\t\t\t\t\t\t\t<\/div>\n\t\t\t\t<\/div>\n\t\t\t\t<\/div>\n\t\t<div class=\"elementor-element elementor-element-e6ff777 e-con-full e-flex e-con e-child\" data-id=\"e6ff777\" data-element_type=\"container\">\n\t\t\t\t<div class=\"elementor-element elementor-element-66aeb996 elementor-invisible elementor-widget elementor-widget-image\" data-id=\"66aeb996\" data-element_type=\"widget\" data-settings=\"{&quot;_animation&quot;:&quot;pulse&quot;}\" data-widget_type=\"image.default\">\n\t\t\t\t<div class=\"elementor-widget-container\">\n\t\t\t\t\t\t\t\t\t\t\t\t\t\t\t<img decoding=\"async\" width=\"523\" height=\"119\" src=\"https:\/\/bogavisual.com\/proyectos\/MuseoTrajes\/sitio\/wp-content\/uploads\/2023\/11\/logoMuseo_completo.png\" class=\"attachment-large size-large wp-image-272\" alt=\"\" srcset=\"https:\/\/bogavisual.com\/proyectos\/MuseoTrajes\/sitio\/wp-content\/uploads\/2023\/11\/logoMuseo_completo.png 523w, https:\/\/bogavisual.com\/proyectos\/MuseoTrajes\/sitio\/wp-content\/uploads\/2023\/11\/logoMuseo_completo-300x68.png 300w\" sizes=\"(max-width: 523px) 100vw, 523px\" \/>\t\t\t\t\t\t\t\t\t\t\t\t\t\t\t<\/div>\n\t\t\t\t<\/div>\n\t\t\t\t<\/div>\n\t\t<div class=\"elementor-element elementor-element-d91f574 e-con-full e-flex e-con e-child\" data-id=\"d91f574\" data-element_type=\"container\">\n\t\t\t\t<div class=\"elementor-element elementor-element-c8fed4e elementor-invisible elementor-widget elementor-widget-image\" data-id=\"c8fed4e\" data-element_type=\"widget\" data-settings=\"{&quot;_animation&quot;:&quot;pulse&quot;}\" data-widget_type=\"image.default\">\n\t\t\t\t<div class=\"elementor-widget-container\">\n\t\t\t\t\t\t\t\t\t\t\t\t\t\t\t<img loading=\"lazy\" decoding=\"async\" width=\"614\" height=\"119\" src=\"https:\/\/bogavisual.com\/proyectos\/MuseoTrajes\/sitio\/wp-content\/uploads\/2023\/11\/logosMuseoNacional_completo.png\" class=\"attachment-large size-large wp-image-273\" alt=\"\" srcset=\"https:\/\/bogavisual.com\/proyectos\/MuseoTrajes\/sitio\/wp-content\/uploads\/2023\/11\/logosMuseoNacional_completo.png 614w, https:\/\/bogavisual.com\/proyectos\/MuseoTrajes\/sitio\/wp-content\/uploads\/2023\/11\/logosMuseoNacional_completo-300x58.png 300w\" sizes=\"(max-width: 614px) 100vw, 614px\" \/>\t\t\t\t\t\t\t\t\t\t\t\t\t\t\t<\/div>\n\t\t\t\t<\/div>\n\t\t\t\t<\/div>\n\t\t\t\t\t<\/div>\n\t\t\t\t<\/div>\n\t\t<div class=\"elementor-element elementor-element-5dafca84 e-flex e-con-boxed e-con e-parent\" data-id=\"5dafca84\" data-element_type=\"container\">\n\t\t\t\t\t<div class=\"e-con-inner\">\n\t\t\t\t<div class=\"elementor-element elementor-element-3a4d9f27 elementor-widget elementor-widget-text-editor\" data-id=\"3a4d9f27\" data-element_type=\"widget\" data-widget_type=\"text-editor.default\">\n\t\t\t\t<div class=\"elementor-widget-container\">\n\t\t\t\t\t\t\t\t\t<p>\u00a9 Fundaci\u00f3n Universidad de Am\u00e9rica &#8211; Todos los Derechos Reservados. Instituci\u00f3n de Educaci\u00f3n Superior vigilada por el Ministerio de Educaci\u00f3n Nacional.<\/p><p>Dise\u00f1o y desarrollo <a style=\"color: #7a7a7a;\" href=\"https:\/\/www.bogavisual.com\" target=\"_blank\" rel=\"noopener\"><strong>Boga Visual<\/strong><\/a><\/p>\t\t\t\t\t\t\t\t<\/div>\n\t\t\t\t<\/div>\n\t\t\t\t\t<\/div>\n\t\t\t\t<\/div>\n\t\t\t\t<\/div>\n\t\t","protected":false},"excerpt":{"rendered":"<p>Agradeci-mientos a los colaboradores y patrocinadores del proyecto Ministerio de Cultura: Programa nacional de est\u00edmulos. Museo de Trajes de la Universidad de Am\u00e9rica: Estrategia museol\u00f3gica y desarrollo museogr\u00e1fico: Juli\u00e1n Roa Triana &#8211; Boga Visual. Estrategia digital y desarrollo tecnol\u00f3gico: Juan Carlos Arroyo | Miguel Alfredo Gonz\u00e1lez &#8211; Boga Visual. Dise\u00f1o gr\u00e1fico y web: Jenny Rojas [&hellip;]<\/p>\n","protected":false},"author":1,"featured_media":0,"parent":0,"menu_order":0,"comment_status":"closed","ping_status":"closed","template":"","meta":{"footnotes":""},"class_list":["post-465","page","type-page","status-publish","hentry"],"_links":{"self":[{"href":"https:\/\/bogavisual.com\/proyectos\/MuseoTrajes\/sitio\/wp-json\/wp\/v2\/pages\/465","targetHints":{"allow":["GET"]}}],"collection":[{"href":"https:\/\/bogavisual.com\/proyectos\/MuseoTrajes\/sitio\/wp-json\/wp\/v2\/pages"}],"about":[{"href":"https:\/\/bogavisual.com\/proyectos\/MuseoTrajes\/sitio\/wp-json\/wp\/v2\/types\/page"}],"author":[{"embeddable":true,"href":"https:\/\/bogavisual.com\/proyectos\/MuseoTrajes\/sitio\/wp-json\/wp\/v2\/users\/1"}],"replies":[{"embeddable":true,"href":"https:\/\/bogavisual.com\/proyectos\/MuseoTrajes\/sitio\/wp-json\/wp\/v2\/comments?post=465"}],"version-history":[{"count":52,"href":"https:\/\/bogavisual.com\/proyectos\/MuseoTrajes\/sitio\/wp-json\/wp\/v2\/pages\/465\/revisions"}],"predecessor-version":[{"id":1224,"href":"https:\/\/bogavisual.com\/proyectos\/MuseoTrajes\/sitio\/wp-json\/wp\/v2\/pages\/465\/revisions\/1224"}],"wp:attachment":[{"href":"https:\/\/bogavisual.com\/proyectos\/MuseoTrajes\/sitio\/wp-json\/wp\/v2\/media?parent=465"}],"curies":[{"name":"wp","href":"https:\/\/api.w.org\/{rel}","templated":true}]}}