{"id":405,"date":"2023-12-02T20:31:34","date_gmt":"2023-12-03T01:31:34","guid":{"rendered":"https:\/\/bogavisual.com\/proyectos\/MuseoTrajes\/sitio\/?page_id=405"},"modified":"2025-05-22T23:38:03","modified_gmt":"2025-05-23T04:38:03","slug":"los-colores-de-la-moda","status":"publish","type":"page","link":"https:\/\/bogavisual.com\/proyectos\/MuseoTrajes\/sitio\/los-colores-de-la-moda\/","title":{"rendered":"Los colores de la moda"},"content":{"rendered":"\t\t<div data-elementor-type=\"wp-page\" data-elementor-id=\"405\" class=\"elementor elementor-405\">\n\t\t\t\t<div class=\"elementor-element elementor-element-2fde175 e-flex e-con-boxed e-con e-parent\" data-id=\"2fde175\" data-element_type=\"container\" data-settings=\"{&quot;background_background&quot;:&quot;classic&quot;}\">\n\t\t\t\t\t<div class=\"e-con-inner\">\n\t\t\t\t<div class=\"elementor-element elementor-element-77f4768 elementor-widget elementor-widget-spacer\" data-id=\"77f4768\" data-element_type=\"widget\" data-widget_type=\"spacer.default\">\n\t\t\t\t<div class=\"elementor-widget-container\">\n\t\t\t\t\t\t\t<div class=\"elementor-spacer\">\n\t\t\t<div class=\"elementor-spacer-inner\"><\/div>\n\t\t<\/div>\n\t\t\t\t\t\t<\/div>\n\t\t\t\t<\/div>\n\t\t\t\t\t<\/div>\n\t\t\t\t<\/div>\n\t\t<div class=\"elementor-element elementor-element-8ccdd54 e-flex e-con-boxed e-con e-parent\" data-id=\"8ccdd54\" data-element_type=\"container\">\n\t\t\t\t\t<div class=\"e-con-inner\">\n\t\t<div class=\"elementor-element elementor-element-717e575 e-con-full e-flex e-con e-child\" data-id=\"717e575\" data-element_type=\"container\" data-settings=\"{&quot;background_background&quot;:&quot;classic&quot;}\">\n\t\t\t\t<div class=\"elementor-element elementor-element-c39a441 elementor-invisible elementor-widget elementor-widget-heading\" data-id=\"c39a441\" data-element_type=\"widget\" data-settings=\"{&quot;_animation&quot;:&quot;bounceInLeft&quot;}\" data-widget_type=\"heading.default\">\n\t\t\t\t<div class=\"elementor-widget-container\">\n\t\t\t\t\t<h2 class=\"elementor-heading-title elementor-size-default\">Los colores de la moda:<\/h2>\t\t\t\t<\/div>\n\t\t\t\t<\/div>\n\t\t\t\t<div class=\"elementor-element elementor-element-0bc3302 elementor-invisible elementor-widget elementor-widget-heading\" data-id=\"0bc3302\" data-element_type=\"widget\" data-settings=\"{&quot;_animation&quot;:&quot;bounceInLeft&quot;}\" data-widget_type=\"heading.default\">\n\t\t\t\t<div class=\"elementor-widget-container\">\n\t\t\t\t\t<h2 class=\"elementor-heading-title elementor-size-default\">un vestier en el museo<\/h2>\t\t\t\t<\/div>\n\t\t\t\t<\/div>\n\t\t\t\t<div class=\"elementor-element elementor-element-93fbef1 elementor-invisible elementor-widget elementor-widget-image\" data-id=\"93fbef1\" data-element_type=\"widget\" data-settings=\"{&quot;_animation&quot;:&quot;bounceInUp&quot;}\" data-widget_type=\"image.default\">\n\t\t\t\t<div class=\"elementor-widget-container\">\n\t\t\t\t\t\t\t\t\t\t\t\t\t\t\t<img fetchpriority=\"high\" decoding=\"async\" width=\"800\" height=\"821\" src=\"https:\/\/bogavisual.com\/proyectos\/MuseoTrajes\/sitio\/wp-content\/uploads\/2023\/12\/mirinaque_azul.jpg\" class=\"attachment-large size-large wp-image-454\" alt=\"\" srcset=\"https:\/\/bogavisual.com\/proyectos\/MuseoTrajes\/sitio\/wp-content\/uploads\/2023\/12\/mirinaque_azul.jpg 800w, https:\/\/bogavisual.com\/proyectos\/MuseoTrajes\/sitio\/wp-content\/uploads\/2023\/12\/mirinaque_azul-292x300.jpg 292w, https:\/\/bogavisual.com\/proyectos\/MuseoTrajes\/sitio\/wp-content\/uploads\/2023\/12\/mirinaque_azul-768x788.jpg 768w\" sizes=\"(max-width: 800px) 100vw, 800px\" \/>\t\t\t\t\t\t\t\t\t\t\t\t\t\t\t<\/div>\n\t\t\t\t<\/div>\n\t\t\t\t<\/div>\n\t\t<div class=\"elementor-element elementor-element-7feae97 e-con-full e-flex e-con e-child\" data-id=\"7feae97\" data-element_type=\"container\">\n\t\t\t\t<div class=\"elementor-element elementor-element-b97b827 elementor-widget elementor-widget-heading\" data-id=\"b97b827\" data-element_type=\"widget\" data-widget_type=\"heading.default\">\n\t\t\t\t<div class=\"elementor-widget-container\">\n\t\t\t\t\t<h2 class=\"elementor-heading-title elementor-size-default\">1. Documentaci\u00f3n del presente, la moda y la identidad del hoy<\/h2>\t\t\t\t<\/div>\n\t\t\t\t<\/div>\n\t\t\t\t<div class=\"elementor-element elementor-element-9295cd0 elementor-invisible elementor-widget elementor-widget-text-editor\" data-id=\"9295cd0\" data-element_type=\"widget\" data-settings=\"{&quot;_animation&quot;:&quot;bounceInRight&quot;}\" data-widget_type=\"text-editor.default\">\n\t\t\t\t<div class=\"elementor-widget-container\">\n\t\t\t\t\t\t\t\t\t<p>La moda y el vestuario son una manifestaci\u00f3n cultural que se encuentra en constante evoluci\u00f3n. Es por ello que, documentar la moda del presente es de vital importancia para poder entender c\u00f3mo la sociedad se relaciona y se expresa a trav\u00e9s de la ropa. Registrar la moda actual no solo permite conocer c\u00f3mo est\u00e1n cambiando las tendencias, sino tambi\u00e9n c\u00f3mo los contextos sociales, pol\u00edticos y econ\u00f3micos est\u00e1n influyendo en la forma en que nos vestimos.\u00a0 Es a su vez una herramienta para preservar la memoria de las manifestaciones culturales contempor\u00e1neas.<\/p><p>Permitiendo que en un futuro, se pueda realizar investigaci\u00f3n de c\u00f3mo se vest\u00edan y c\u00f3mo se proyectaban los valores y las costumbres de las personas retratadas en el museo. Sin importar cu\u00e1l sea el estilo, tendencia o corriente que prevalezca, el registro de la moda contempor\u00e1nea siempre ser\u00e1 valioso para entender c\u00f3mo se ha desarrollado la cultura.<\/p><p>En el proyecto &#8220;La Moda es Luz&#8221;, la documentaci\u00f3n de la moda del presente tiene un valor especial, ya que se busca fomentar la inclusi\u00f3n y la diversidad de cuerpos y estilos. La creaci\u00f3n de modelos 3D de los visitantes permite retratar la variedad de cuerpos y formas en los que se manifiesta la moda, promoviendo una imagen m\u00e1s real y no idealizada de la realidad. As\u00ed, se fomenta di\u00e1logos hacia la diversidad y\u00a0 la moda como una forma de expresi\u00f3n libre de prejuicios.<\/p>\t\t\t\t\t\t\t\t<\/div>\n\t\t\t\t<\/div>\n\t\t\t\t<div class=\"elementor-element elementor-element-1066567 elementor-widget elementor-widget-spacer\" data-id=\"1066567\" data-element_type=\"widget\" data-widget_type=\"spacer.default\">\n\t\t\t\t<div class=\"elementor-widget-container\">\n\t\t\t\t\t\t\t<div class=\"elementor-spacer\">\n\t\t\t<div class=\"elementor-spacer-inner\"><\/div>\n\t\t<\/div>\n\t\t\t\t\t\t<\/div>\n\t\t\t\t<\/div>\n\t\t\t\t<div class=\"elementor-element elementor-element-a6d8008 elementor-widget elementor-widget-heading\" data-id=\"a6d8008\" data-element_type=\"widget\" data-widget_type=\"heading.default\">\n\t\t\t\t<div class=\"elementor-widget-container\">\n\t\t\t\t\t<h2 class=\"elementor-heading-title elementor-size-default\">2. Categor\u00edas de preguntas del objeto did\u00e1ctico<\/h2>\t\t\t\t<\/div>\n\t\t\t\t<\/div>\n\t\t\t\t<div class=\"elementor-element elementor-element-28294cf elementor-invisible elementor-widget elementor-widget-text-editor\" data-id=\"28294cf\" data-element_type=\"widget\" data-settings=\"{&quot;_animation&quot;:&quot;bounceInRight&quot;}\" data-widget_type=\"text-editor.default\">\n\t\t\t\t<div class=\"elementor-widget-container\">\n\t\t\t\t\t\t\t\t\t<p><b>E<\/b>l proyecto &#8220;La Moda es Luz&#8221; busca recolectar historias sobre los vestidos que las personas llevan puestos y a partir de estas, generar categor\u00edas que permitan una comprensi\u00f3n m\u00e1s profunda de c\u00f3mo la moda y el vestuario tienen un papel importante en nuestra identidad cultural.<\/p><p>Las categor\u00edas que se pueden generar a partir de estas historias son:<\/p><ul style=\"padding-top: 10px; padding-bottom: 10px;\"><li>La historia y las tradiciones familiares: \u00bfllevo algo heredado o regalado por alguien que quiero?<\/li><li>La moda sostenible y la artesan\u00eda local \u00bfde d\u00f3nde vine a la ropa o los accesorios que llevo puestos?<\/li><li>C\u00f3mo el traje influye en la autoimagen \u00bfc\u00f3mo lo que llevo puesto refleja mi personalidad e identidad?<\/li><\/ul><p>La documentaci\u00f3n de las historias de la moda del presente es importante para comprender c\u00f3mo esta se relaciona con la historia y la cultura de un pa\u00eds. Las historias que las personas cuentan sobre los vestidos que llevan puestos proporcionan una mirada \u00fanica e \u00edntima en los pensamientos y motivaciones detr\u00e1s de las elecciones de moda. Adem\u00e1s, esta documentaci\u00f3n ayuda a preservar la memoria hist\u00f3rica de las expresiones culturales contempor\u00e1neas.<\/p><p>En este sentido, el proyecto &#8220;La Moda es Luz&#8221; busca fomentar el di\u00e1logo y la reflexi\u00f3n sobre la moda y el vestuario, as\u00ed como la creaci\u00f3n de una comunidad en l\u00ednea que permita la creaci\u00f3n de un archivo digital para la posteridad. Este archivo ser\u00e1 una herramienta valiosa para comprender el valor sociocultural de las expresiones de moda y para promover la inclusi\u00f3n y la diversidad en la moda.<\/p>\t\t\t\t\t\t\t\t<\/div>\n\t\t\t\t<\/div>\n\t\t\t\t<\/div>\n\t\t\t\t\t<\/div>\n\t\t\t\t<\/div>\n\t\t<div class=\"elementor-element elementor-element-38c31a7 e-flex e-con-boxed e-con e-parent\" data-id=\"38c31a7\" data-element_type=\"container\">\n\t\t\t\t\t<div class=\"e-con-inner\">\n\t\t\t\t<div class=\"elementor-element elementor-element-1a80488 elementor-widget elementor-widget-spacer\" data-id=\"1a80488\" data-element_type=\"widget\" data-widget_type=\"spacer.default\">\n\t\t\t\t<div class=\"elementor-widget-container\">\n\t\t\t\t\t\t\t<div class=\"elementor-spacer\">\n\t\t\t<div class=\"elementor-spacer-inner\"><\/div>\n\t\t<\/div>\n\t\t\t\t\t\t<\/div>\n\t\t\t\t<\/div>\n\t\t\t\t\t<\/div>\n\t\t\t\t<\/div>\n\t\t<div class=\"elementor-element elementor-element-2554478f e-flex e-con-boxed e-con e-parent\" data-id=\"2554478f\" data-element_type=\"container\">\n\t\t\t\t\t<div class=\"e-con-inner\">\n\t\t<div class=\"elementor-element elementor-element-6bf30630 e-con-full e-flex e-con e-child\" data-id=\"6bf30630\" data-element_type=\"container\">\n\t\t\t\t<\/div>\n\t\t<div class=\"elementor-element elementor-element-4c3b58fb e-con-full e-flex e-con e-child\" data-id=\"4c3b58fb\" data-element_type=\"container\">\n\t\t\t\t<div class=\"elementor-element elementor-element-b3422ff elementor-invisible elementor-widget elementor-widget-image\" data-id=\"b3422ff\" data-element_type=\"widget\" data-settings=\"{&quot;_animation&quot;:&quot;pulse&quot;}\" data-widget_type=\"image.default\">\n\t\t\t\t<div class=\"elementor-widget-container\">\n\t\t\t\t\t\t\t\t\t\t\t\t\t\t\t<img decoding=\"async\" width=\"200\" height=\"79\" src=\"https:\/\/bogavisual.com\/proyectos\/MuseoTrajes\/sitio\/wp-content\/uploads\/2023\/11\/logoSitio01.png\" class=\"attachment-large size-large wp-image-39\" alt=\"\" \/>\t\t\t\t\t\t\t\t\t\t\t\t\t\t\t<\/div>\n\t\t\t\t<\/div>\n\t\t\t\t<\/div>\n\t\t<div class=\"elementor-element elementor-element-52aad64d e-con-full e-flex e-con e-child\" data-id=\"52aad64d\" data-element_type=\"container\">\n\t\t\t\t<\/div>\n\t\t\t\t\t<\/div>\n\t\t\t\t<\/div>\n\t\t<div class=\"elementor-element elementor-element-dc5435b e-flex e-con-boxed e-con e-parent\" data-id=\"dc5435b\" data-element_type=\"container\">\n\t\t\t\t\t<div class=\"e-con-inner\">\n\t\t<div class=\"elementor-element elementor-element-210f775e e-con-full e-flex e-con e-child\" data-id=\"210f775e\" data-element_type=\"container\">\n\t\t\t\t<div class=\"elementor-element elementor-element-7a34161e elementor-invisible elementor-widget elementor-widget-image\" data-id=\"7a34161e\" data-element_type=\"widget\" data-settings=\"{&quot;_animation&quot;:&quot;pulse&quot;}\" data-widget_type=\"image.default\">\n\t\t\t\t<div class=\"elementor-widget-container\">\n\t\t\t\t\t\t\t\t\t\t\t\t\t\t\t<img decoding=\"async\" width=\"600\" height=\"119\" src=\"https:\/\/bogavisual.com\/proyectos\/MuseoTrajes\/sitio\/wp-content\/uploads\/2023\/11\/logo_ministerio_completo.png\" class=\"attachment-large size-large wp-image-271\" alt=\"\" srcset=\"https:\/\/bogavisual.com\/proyectos\/MuseoTrajes\/sitio\/wp-content\/uploads\/2023\/11\/logo_ministerio_completo.png 600w, https:\/\/bogavisual.com\/proyectos\/MuseoTrajes\/sitio\/wp-content\/uploads\/2023\/11\/logo_ministerio_completo-300x60.png 300w\" sizes=\"(max-width: 600px) 100vw, 600px\" \/>\t\t\t\t\t\t\t\t\t\t\t\t\t\t\t<\/div>\n\t\t\t\t<\/div>\n\t\t\t\t<\/div>\n\t\t<div class=\"elementor-element elementor-element-e6ff777 e-con-full e-flex e-con e-child\" data-id=\"e6ff777\" data-element_type=\"container\">\n\t\t\t\t<div class=\"elementor-element elementor-element-66aeb996 elementor-invisible elementor-widget elementor-widget-image\" data-id=\"66aeb996\" data-element_type=\"widget\" data-settings=\"{&quot;_animation&quot;:&quot;pulse&quot;}\" data-widget_type=\"image.default\">\n\t\t\t\t<div class=\"elementor-widget-container\">\n\t\t\t\t\t\t\t\t\t\t\t\t\t\t\t<img loading=\"lazy\" decoding=\"async\" width=\"523\" height=\"119\" src=\"https:\/\/bogavisual.com\/proyectos\/MuseoTrajes\/sitio\/wp-content\/uploads\/2023\/11\/logoMuseo_completo.png\" class=\"attachment-large size-large wp-image-272\" alt=\"\" srcset=\"https:\/\/bogavisual.com\/proyectos\/MuseoTrajes\/sitio\/wp-content\/uploads\/2023\/11\/logoMuseo_completo.png 523w, https:\/\/bogavisual.com\/proyectos\/MuseoTrajes\/sitio\/wp-content\/uploads\/2023\/11\/logoMuseo_completo-300x68.png 300w\" sizes=\"(max-width: 523px) 100vw, 523px\" \/>\t\t\t\t\t\t\t\t\t\t\t\t\t\t\t<\/div>\n\t\t\t\t<\/div>\n\t\t\t\t<\/div>\n\t\t<div class=\"elementor-element elementor-element-d91f574 e-con-full e-flex e-con e-child\" data-id=\"d91f574\" data-element_type=\"container\">\n\t\t\t\t<div class=\"elementor-element elementor-element-c8fed4e elementor-invisible elementor-widget elementor-widget-image\" data-id=\"c8fed4e\" data-element_type=\"widget\" data-settings=\"{&quot;_animation&quot;:&quot;pulse&quot;}\" data-widget_type=\"image.default\">\n\t\t\t\t<div class=\"elementor-widget-container\">\n\t\t\t\t\t\t\t\t\t\t\t\t\t\t\t<img loading=\"lazy\" decoding=\"async\" width=\"614\" height=\"119\" src=\"https:\/\/bogavisual.com\/proyectos\/MuseoTrajes\/sitio\/wp-content\/uploads\/2023\/11\/logosMuseoNacional_completo.png\" class=\"attachment-large size-large wp-image-273\" alt=\"\" srcset=\"https:\/\/bogavisual.com\/proyectos\/MuseoTrajes\/sitio\/wp-content\/uploads\/2023\/11\/logosMuseoNacional_completo.png 614w, https:\/\/bogavisual.com\/proyectos\/MuseoTrajes\/sitio\/wp-content\/uploads\/2023\/11\/logosMuseoNacional_completo-300x58.png 300w\" sizes=\"(max-width: 614px) 100vw, 614px\" \/>\t\t\t\t\t\t\t\t\t\t\t\t\t\t\t<\/div>\n\t\t\t\t<\/div>\n\t\t\t\t<\/div>\n\t\t\t\t\t<\/div>\n\t\t\t\t<\/div>\n\t\t<div class=\"elementor-element elementor-element-5dafca84 e-flex e-con-boxed e-con e-parent\" data-id=\"5dafca84\" data-element_type=\"container\">\n\t\t\t\t\t<div class=\"e-con-inner\">\n\t\t\t\t<div class=\"elementor-element elementor-element-3a4d9f27 elementor-widget elementor-widget-text-editor\" data-id=\"3a4d9f27\" data-element_type=\"widget\" data-widget_type=\"text-editor.default\">\n\t\t\t\t<div class=\"elementor-widget-container\">\n\t\t\t\t\t\t\t\t\t<p>\u00a9 Fundaci\u00f3n Universidad de Am\u00e9rica &#8211; Todos los Derechos Reservados. Instituci\u00f3n de Educaci\u00f3n Superior vigilada por el Ministerio de Educaci\u00f3n Nacional.\u00a0<\/p><p>Dise\u00f1o y desarrollo <a style=\"color: #7a7a7a;\" href=\"https:\/\/www.bogavisual.com\" target=\"_blank\" rel=\"noopener\"><strong>Boga Visual<\/strong><\/a><\/p>\t\t\t\t\t\t\t\t<\/div>\n\t\t\t\t<\/div>\n\t\t\t\t\t<\/div>\n\t\t\t\t<\/div>\n\t\t\t\t<\/div>\n\t\t","protected":false},"excerpt":{"rendered":"<p>Los colores de la moda: un vestier en el museo 1. Documentaci\u00f3n del presente, la moda y la identidad del hoy La moda y el vestuario son una manifestaci\u00f3n cultural que se encuentra en constante evoluci\u00f3n. Es por ello que, documentar la moda del presente es de vital importancia para poder entender c\u00f3mo la sociedad [&hellip;]<\/p>\n","protected":false},"author":1,"featured_media":0,"parent":0,"menu_order":0,"comment_status":"closed","ping_status":"closed","template":"","meta":{"footnotes":""},"class_list":["post-405","page","type-page","status-publish","hentry"],"_links":{"self":[{"href":"https:\/\/bogavisual.com\/proyectos\/MuseoTrajes\/sitio\/wp-json\/wp\/v2\/pages\/405","targetHints":{"allow":["GET"]}}],"collection":[{"href":"https:\/\/bogavisual.com\/proyectos\/MuseoTrajes\/sitio\/wp-json\/wp\/v2\/pages"}],"about":[{"href":"https:\/\/bogavisual.com\/proyectos\/MuseoTrajes\/sitio\/wp-json\/wp\/v2\/types\/page"}],"author":[{"embeddable":true,"href":"https:\/\/bogavisual.com\/proyectos\/MuseoTrajes\/sitio\/wp-json\/wp\/v2\/users\/1"}],"replies":[{"embeddable":true,"href":"https:\/\/bogavisual.com\/proyectos\/MuseoTrajes\/sitio\/wp-json\/wp\/v2\/comments?post=405"}],"version-history":[{"count":58,"href":"https:\/\/bogavisual.com\/proyectos\/MuseoTrajes\/sitio\/wp-json\/wp\/v2\/pages\/405\/revisions"}],"predecessor-version":[{"id":1218,"href":"https:\/\/bogavisual.com\/proyectos\/MuseoTrajes\/sitio\/wp-json\/wp\/v2\/pages\/405\/revisions\/1218"}],"wp:attachment":[{"href":"https:\/\/bogavisual.com\/proyectos\/MuseoTrajes\/sitio\/wp-json\/wp\/v2\/media?parent=405"}],"curies":[{"name":"wp","href":"https:\/\/api.w.org\/{rel}","templated":true}]}}